s divided by i?
2
Suppose -3*j + j + 10 = 0. Suppose 0 = j*n + s - 21 - 8, s + 31 = 5*n. Let h = -22 - -39. Calculate the remainder when h is divided by n.
5
Let i(l) be the second derivative of 11*l**3/2 - l**2/2 - l. Let u be i(-1). What is the remainder when 33 is divided by (-3)/2*u/3?
16
Suppose -3*l = v - 62, -2*l = 2*l + v - 83. What is the remainder when 83 is divided by l?
20
Let w be (-4 - -5)/((-2)/(-14)). Let k be (6/(-21))/((-1)/w). Let r = 7 + k. Calculate the remainder when 33 is divided by r.
6
Suppose -185 - 200 = -5*h. Calculate the remainder when h is divided by 20.
17
Let p be (-14)/6 + 4/(-6). Suppose o - 21 - 100 = -5*j, -3*j + 77 = 5*o. Let d = p + j. What is the remainder when d is divided by 11?
10
Let d(y) = y**3 - 33*y**2 + 8. Calculate the remainder when 25 is divided by d(33).
1
Let h(d) = 6*d**3 - 3*d**2 - 3*d - 1. Let k be h(-2). Calculate the remainder when 25 is divided by 6/2 + k/(-5).
11
Let f(h) = -h**2 - 11*h - 18. What is the remainder when f(-8) is divided by 2?
0
Let i(g) = g**3 - g**2 - 3*g + 2. Let t be i(2). Suppose t = 4*y - 38 + 10. Let l = y + -5. What is the remainder when 3 is divided by l?
1
Suppose 0*t - 98 = -7*t. What is the remainder when t is divided by 9?
5
Let v(c) = c**2 - 2*c - 18. Calculate the remainder when v(6) is divided by 3.
0
Suppose -5*u = -193 + 43. What is the remainder when u is divided by (-45)/(-6) - 2/(-4)?
6
Let z(i) = 3*i - 5. Let b be (-1)/(-2)*6 - 3. Suppose 4*p - 21 + 1 = b. What is the remainder when 19 is divided by z(p)?
9
What is the remainder when 93*-2*(-6)/18 is divided by 21?
20
Calculate the remainder when 6 is divided by 0 + 5 - (-28)/(-14).
0
Suppose 0 = 12*j - 16*j + 92. Suppose 5*p - 61 = -3*y, -5*y + 71 = -p + 16. What is the remainder when j is divided by y?
11
Suppose 88 = 5*l + 8. Suppose l + 12 = 2*s. Suppose 0*g = 3*g + 4*f - 12, 3*g - 4*f - 36 = 0. What is the remainder when s is divided by g?
6
Suppose 3*f = 2*k - 5 - 91, 0 = -3*k - 5*f + 106. Let i = -22 + k. What is the remainder when i is divided by 11?
9
Let p = -12 + 20. Let w = 1 - -1. Suppose d = -4*j + 21, w*j - 3 = d - 0. What is the remainder when p is divided by d?
3
Let q = 21 + -15. What is the remainder when q is divided by 5?
1
Suppose 0 = -o + 17 + 34. What is the remainder when o is divided by 27?
24
Suppose 5*r - 61 = -36. Calculate the remainder when 37 is divided by r.
2
Let c(h) = h**3 + 7*h**2 - 2*h + 3. Calculate the remainder when c(-6) is divided by 4/(-2) - -15*1.
12
Let y(h) = -h**3 - 25*h**2 + 25*h - 22. What is the remainder when 19 is divided by y(-26)?
3
Let n(c) be the second derivative of c**5/20 + c**4/3 - c**3/3 + 2*c**2 - 4*c. What is the remainder when 34 is divided by n(-4)?
10
Suppose 5*s = 8*s - 24. What is the remainder when 31 is divided by s?
7
Suppose 4*n - 164 = -28. Let x = -140 + 149. Calculate the remainder when n is divided by x.
7
What is the remainder when ((-3402)/(-35))/9*1*5 is divided by 4?
2
Let g = 9 + -12. What is the remainder when 28 is divided by ((-10)/g)/((-4)/(-18))?
13
Let a(r) = r**3 + 9*r**2 - 9*r + 9. Let j be a(-10). Let q = 14 + j. Calculate the remainder when 24 is divided by q.
11
Let m = 2 + -3. Let r = 8 + m. What is the remainder when 13 is divided by r?
6
Let p(t) = -t - 1. Let g be p(-3). Suppose 0 = 4*j + g*v + 8, -2*v = -2*j - 0*j - 10. What is the remainder when 6 is divided by (-10)/j*(-36)/(-30)?
2
Let x = -8 + 13. Suppose -u = -x*u + 84. Calculate the remainder when u is divided by 8.
5
Suppose -25 = 5*w - 5*l, 5*w = l + 3*l - 21. Let f be (2/(-2))/(2 + w). Let t = f + 2. Calculate the remainder when t is divided by 1.
0
Suppose 2*u + 0 = 2. Let w(l) be the first derivative of l**2/2 + l + 1. What is the remainder when w(u) is divided by 1?
0
Suppose -4*z = 4*q - 372, 2*q - z = -0*q + 180. Let c = q + -64. Calculate the remainder when c is divided by 7.
6
Let w = 5 + -3. Let j = 12 + -6. Calculate the remainder when j is divided by w.
0
Let d(l) = 77*l**3 - l. What is the remainder when d(1) is divided by 13?
11
Suppose -25 + 9 = 3*t - 5*r, 0 = 3*r + 12. Let v = 0 + 1. What is the remainder when v is divided by (-18)/t*(-4)/(-6)?
0
Let u = -74 - -104. Calculate the remainder when u is divided by 12.
6
Suppose -5*v - 13 - 17 = 0. Let h(w) = 14*w**2 - 1. Calculate the remainder when (9/(-4))/(v/64) is divided by h(1).
11
Suppose -g = -11 - 1. Calculate the remainder when 20 is divided by 2/g + 123/18.
6
Let o = -12 - -28. Let k = o - -4. Let c(s) = -6*s + 1. What is the remainder when k is divided by c(-1)?
6
Let n be -5*(1 + -2*1). Suppose 2*u + 80 = n*x, 3*x + 0*u - 5*u - 67 = 0. Calculate the remainder when x is divided by (4 + 0)*4/2.
6
Let d(w) = -w**2 + w - 15. Let q be d(0). Calculate the remainder when (-69)/(-2) + q/(-10) is divided by 13.
10
Let c = 45 + -22. Calculate the remainder when 91 is divided by c.
22
Suppose 0 = 4*d - 7*d - 21. Let p = d - -21. Let v(j) = 11*j**2 - 3*j + 3. What is the remainder when v(2) is divided by p?
13
Let u = 5 - 3. Let n = -38 + 61. Let b = n + -21. What is the remainder when b is divided by u?
0
Let a(n) = n**2 - 2*n - 12. Let z be a(-9). Suppose -4*r + 89 + z = 0. Calculate the remainder when r is divided by 15.
14
Let o(j) = -6*j**3 + j**2. Let p be o(1). Let v = -8 - p. What is the remainder when 22 - (1 - (-3 - v)) is divided by 8?
5
Let t = 5 + 3. Let z(k) = 2*k - 9. Let s be -12*(1/(-2))/1. What is the remainder when t is divided by z(s)?
2
Let i = 47 - 34. What is the remainder when 34 is divided by i?
8
Let k be 2 + -2 - (-1 - 4). Let y be (-232)/(-28) - 4/14. Suppose a + x - y = -0*a, -k*a + 25 = 2*x. Calculate the remainder when 5 is divided by a.
2
Let s(f) = -f**2 + 7*f + 7. Let h be ((-18)/8)/((-3)/8). Suppose 20 = -5*j + h*j. What is the remainder when j is divided by s(7)?
6
Suppose 19 = 5*q - 31. Let o = 59 + q. What is the remainder when o is divided by 24?
21
Suppose 0*g + 2*g + 22 = 0. Let i = -65 - g. Let q = -20 - i. Calculate the remainder when q is divided by 12.
10
Suppose 0 = -2*j + p + 27, -3*p = -j - 2*p + 16. Calculate the remainder when 30 is divided by j.
8
Let k(a) = -3*a**3 + 3*a**2 - a + 2. Let t be k(2). Let u = -8 - t. What is the remainder when 7 is divided by u?
3
Let j be 5/2 + 2/(-4). Suppose -s - j*l + 30 = s, -4*s - l + 54 = 0. Let v(i) = 3*i**2 + i - 8. What is the remainder when v(-4) is divided by s?
10
Suppose 5*k - 45 = -0*k. Suppose -6*m + 3*t = -m - k, -2*t = -3*m + 5. What is the remainder when 7 is divided by m?
1
Let b(m) = m**3 + 9*m**2 - 11*m - 6. Calculate the remainder when 10 is divided by b(-10).
2
Let x = -1 - -6. Let c(f) = -f + 7. Let v be c(x). Let q(i) = 4*i. What is the remainder when q(v) is divided by 3?
2
What is the remainder when 10 is divided by (8 - 9)*(1 - 5)?
2
Let c = 322 + -312. Let x(r) = 2*r + 4 - r**2 + 0*r**2 + 2*r**2. Calculate the remainder when x(3) is divided by c.
9
What is the remainder when 34 is divided by ((-16)/10)/(1/(-5))?
2
Calculate the remainder when 29 is divided by 36/90 + (-156)/(-10).
13
Let g(i) = -i**2 - 2*i + 1. Let z be g(-2). Let c(a) = 89*a**3 + a**2 - 1. What is the remainder when c(z) is divided by 30?
29
Let p(o) = o - 2. Let l be p(-5). Let w be (-2)/l - 2/7. Suppose w = 3*u + u - 104. Calculate the remainder when u is divided by 9.
8
Let a(t) = 6*t**2 - 4*t. Calculate the remainder when 79 is divided by a(2).
15
Calculate the remainder when 48 is divided by 10 + -14 - 3/((-6)/44).
12
What is the remainder when 1/4 + (-3 - (-4725)/28) is divided by 42?
40
Let c(x) = x**2 - 2*x + 3. What is the remainder when 130 is divided by c(6)?
22
Let o(n) = -3*n + 1. Suppose -2*g + 18 = -3*l, 2*l + g + 14 = 3*g. What is the remainder when 49 is divided by o(l)?
10
Suppose 0*p + 5*p - 2*h = 49, -43 = -5*p + 4*h. What is the remainder when p is divided by 6?
5
Let k(t) = 20*t - 6. Let v be 99/(-21) - 4/14. Let p be k(v). Let m = -59 - p. What is the remainder when m is divided by 12?
11
What is the remainder when (-1)/(2/(-124)*2) is divided by 18?
13
Let i = -53 + 120. Suppose 4*g - i = -5*q - 15, 0 = 5*g - 2*q - 65. Calculate the remainder when g is divided by 8.
5
Suppose -7*f + 77 + 21 = 0. Calculate the remainder when 53 is divided by f.
11
Suppose -7*x + 3 + 39 = 0. Cal